{"id":26097,"date":"2026-09-01T12:03:16","date_gmt":"2026-09-01T10:03:16","guid":{"rendered":"https:\/\/zenart.it\/?post_type=tribe_events&#038;p=26097"},"modified":"2026-09-01T12:03:16","modified_gmt":"2026-09-01T10:03:16","slug":"stefano-di-battista-quartet-piazza-del-popolo-montecatini-terme-pt","status":"publish","type":"tribe_events","link":"https:\/\/zenart.it\/en\/event\/stefano-di-battista-quartet-piazza-del-popolo-montecatini-terme-pt\/","title":{"rendered":"Stefano Di Battista Quartet | Piazza del Popolo | Montecatini Terme (PT)"},"content":{"rendered":"<p>L&#8217;album e il progetto Morricone Stories \u00e8 uno speciale omaggio del sassofonista Stefano Di Battista al compositore e Premio Oscar Ennio Morricone, al quale era legato da una sincera amicizia e da diverse collaborazioni.<\/p>\n<p>Disponibile in vinile, cd e digitale, il disco \u00e8 preceduto dai tre singoli Peur sur la ville, Cosa avete fatto a Solange? E Gabriel&#8217;s Oboe ed ha protagoniste non solo le immortali colonne sonore del Maestro, ma anche il brano Flora che Morricone scrisse proprio per Di Battista.<br \/>\nUna miniera inesauribile, un tesoro di fantasie del pensiero associate a immagini di ogni genere, oltremodo versatili, disponibili a essere trattate, ritrattate, riscoperte. Ricercatezze certo, ma molto preziose, con il godimento puro di ascoltare temi conosciuti che diventano perfetti standard jazz, come Metti una sera a cena, swingante e ironica, oppure Il buono, il brutto e il cattivo che si rivela come un duello di improvvisazioni &#8211; col sax che prende la parte di quel breve spunto di note che all\u2019origine fu ispirato dal verso del coyote &#8211; prima di sciogliersi nell\u2019emozione purissima del Tema di Deborah di C\u2019era una volta in America che \u00e8 una delle pi\u00f9 belle invenzioni di Morricone, alla quale teneva moltissimo perch\u00e9 esprimeva molto bene il suo ideale di melodia, scritta con un esiguo numero di note e con il massimo risultato. Per non dire della delicata rilettura di The mission, con un elegante passaggio dall\u2019oboe originale al sax soprano.<br \/>\nUn meccanismo perfetto, che potrebbe continuare per altri dischi, come una serie, come se una parte del pensiero di Morricone fosse stata sempre, magari senza saperlo, votata al jazz.<\/p>\n<p>Con una carriera parallela tra l\u2019Italia e la Francia, Stefano Di Battista ha collaborato con grandi nomi del panorama nazionale e internazionale, tra cui Michel Petrucciani, Elvin Jones, Jacky Terrasson, Jimmy Cobb, Richard Bona, Claudio Baglioni, Renato Zero, Fabrizio Bosso, Flavio Boltro, Rita Marcotulli, Baptiste Trotignon, Aldo Romano, Michel Benita, Adriano Celentano, Jovanotti, Tiromancino. Noto \u00e8 anche il suo duo con la cantante, e moglie, Nicky Nicolai. Nel 2017 realizza la colonna sonora \u201csolo cuore e amore candidata al David Di Donatello. Nel 2020 realizza la colonna sonora del film \u201cfutura\u201d, uscito nelle sale a settembre 2021.<\/p>\n","protected":false},"excerpt":{"rendered":"<p>L&#8217;album e il progetto Morricone Stories \u00e8 uno speciale omaggio del sassofonista Stefano Di Battista al compositore e Premio Oscar Ennio Morricone, al quale era legato da una sincera amicizia&hellip;<\/p>\n","protected":false},"author":4,"featured_media":26098,"template":"","meta":{"_tribe_events_status":"","_tribe_events_status_reason":"","footnotes":""},"tags":[],"tribe_events_cat":[],"class_list":["post-26097","tribe_events","type-tribe_events","status-publish","has-post-thumbnail","hentry"],"yoast_head":"<!-- This site is optimized with the Yoast SEO plugin v26.0 - https:\/\/yoast.com\/wordpress\/plugins\/seo\/ -->\n<title>Stefano Di Battista Quartet | Piazza del Popolo | Montecatini Terme (PT) - Zenart | Supportiamo i professionisti dello spettacolo<\/title>\n<meta name=\"robots\" content=\"index, follow, max-snippet:-1, max-image-preview:large, max-video-preview:-1\" \/>\n<link rel=\"canonical\" href=\"https:\/\/zenart.it\/en\/event\/stefano-di-battista-quartet-piazza-del-popolo-montecatini-terme-pt\/\" \/>\n<meta property=\"og:locale\" content=\"en_US\" \/>\n<meta property=\"og:type\" content=\"article\" \/>\n<meta property=\"og:title\" content=\"Stefano Di Battista Quartet | Piazza del Popolo | Montecatini Terme (PT) - Zenart | Supportiamo i professionisti dello spettacolo\" \/>\n<meta property=\"og:description\" content=\"L&#8217;album e il progetto Morricone Stories \u00e8 uno speciale omaggio del sassofonista Stefano Di Battista al compositore e Premio Oscar Ennio Morricone, al quale era legato da una sincera amicizia&hellip;\" \/>\n<meta property=\"og:url\" content=\"https:\/\/zenart.it\/en\/event\/stefano-di-battista-quartet-piazza-del-popolo-montecatini-terme-pt\/\" \/>\n<meta property=\"og:site_name\" content=\"Zenart | Supportiamo i professionisti dello spettacolo\" \/>\n<meta property=\"article:publisher\" content=\"https:\/\/www.facebook.com\/coopzenart\/\" \/>\n<meta property=\"og:image\" content=\"https:\/\/zenart.it\/wp-content\/uploads\/2026\/09\/SDB-3.jpg\" \/>\n\t<meta property=\"og:image:width\" content=\"1024\" \/>\n\t<meta property=\"og:image:height\" content=\"683\" \/>\n\t<meta property=\"og:image:type\" content=\"image\/jpeg\" \/>\n<meta name=\"twitter:card\" content=\"summary_large_image\" \/>\n<meta name=\"twitter:label1\" content=\"Est. reading time\" \/>\n\t<meta name=\"twitter:data1\" content=\"3 minutes\" \/>\n<script type=\"application\/ld+json\" class=\"yoast-schema-graph\">{\"@context\":\"https:\/\/schema.org\",\"@graph\":[{\"@type\":\"WebPage\",\"@id\":\"https:\/\/zenart.it\/en\/event\/stefano-di-battista-quartet-piazza-del-popolo-montecatini-terme-pt\/\",\"url\":\"https:\/\/zenart.it\/en\/event\/stefano-di-battista-quartet-piazza-del-popolo-montecatini-terme-pt\/\",\"name\":\"Stefano Di Battista Quartet | Piazza del Popolo | Montecatini Terme (PT) - Zenart | Supportiamo i professionisti dello spettacolo\",\"isPartOf\":{\"@id\":\"https:\/\/zenart.it\/en\/#website\"},\"primaryImageOfPage\":{\"@id\":\"https:\/\/zenart.it\/en\/event\/stefano-di-battista-quartet-piazza-del-popolo-montecatini-terme-pt\/#primaryimage\"},\"image\":{\"@id\":\"https:\/\/zenart.it\/en\/event\/stefano-di-battista-quartet-piazza-del-popolo-montecatini-terme-pt\/#primaryimage\"},\"thumbnailUrl\":\"https:\/\/zenart.it\/wp-content\/uploads\/2026\/09\/SDB-3.jpg\",\"datePublished\":\"2026-09-01T10:03:16+00:00\",\"breadcrumb\":{\"@id\":\"https:\/\/zenart.it\/en\/event\/stefano-di-battista-quartet-piazza-del-popolo-montecatini-terme-pt\/#breadcrumb\"},\"inLanguage\":\"en-US\",\"potentialAction\":[{\"@type\":\"ReadAction\",\"target\":[\"https:\/\/zenart.it\/en\/event\/stefano-di-battista-quartet-piazza-del-popolo-montecatini-terme-pt\/\"]}]},{\"@type\":\"ImageObject\",\"inLanguage\":\"en-US\",\"@id\":\"https:\/\/zenart.it\/en\/event\/stefano-di-battista-quartet-piazza-del-popolo-montecatini-terme-pt\/#primaryimage\",\"url\":\"https:\/\/zenart.it\/wp-content\/uploads\/2026\/09\/SDB-3.jpg\",\"contentUrl\":\"https:\/\/zenart.it\/wp-content\/uploads\/2026\/09\/SDB-3.jpg\",\"width\":1024,\"height\":683},{\"@type\":\"BreadcrumbList\",\"@id\":\"https:\/\/zenart.it\/en\/event\/stefano-di-battista-quartet-piazza-del-popolo-montecatini-terme-pt\/#breadcrumb\",\"itemListElement\":[{\"@type\":\"ListItem\",\"position\":1,\"name\":\"Home\",\"item\":\"https:\/\/zenart.it\/en\/\"},{\"@type\":\"ListItem\",\"position\":2,\"name\":\"Events\",\"item\":\"https:\/\/zenart.it\/en\/events\/\"},{\"@type\":\"ListItem\",\"position\":3,\"name\":\"Stefano Di Battista Quartet | Piazza del Popolo | Montecatini Terme (PT)\"}]},{\"@type\":\"WebSite\",\"@id\":\"https:\/\/zenart.it\/en\/#website\",\"url\":\"https:\/\/zenart.it\/en\/\",\"name\":\"Zenart\",\"description\":\"\",\"publisher\":{\"@id\":\"https:\/\/zenart.it\/en\/#organization\"},\"potentialAction\":[{\"@type\":\"SearchAction\",\"target\":{\"@type\":\"EntryPoint\",\"urlTemplate\":\"https:\/\/zenart.it\/en\/?s={search_term_string}\"},\"query-input\":{\"@type\":\"PropertyValueSpecification\",\"valueRequired\":true,\"valueName\":\"search_term_string\"}}],\"inLanguage\":\"en-US\"},{\"@type\":\"Organization\",\"@id\":\"https:\/\/zenart.it\/en\/#organization\",\"name\":\"Zenart\",\"url\":\"https:\/\/zenart.it\/en\/\",\"logo\":{\"@type\":\"ImageObject\",\"inLanguage\":\"en-US\",\"@id\":\"https:\/\/zenart.it\/en\/#\/schema\/logo\/image\/\",\"url\":\"https:\/\/zenart.it\/wp-content\/uploads\/2024\/12\/logo-ZenArt-2x.png\",\"contentUrl\":\"https:\/\/zenart.it\/wp-content\/uploads\/2024\/12\/logo-ZenArt-2x.png\",\"width\":591,\"height\":120,\"caption\":\"Zenart\"},\"image\":{\"@id\":\"https:\/\/zenart.it\/en\/#\/schema\/logo\/image\/\"},\"sameAs\":[\"https:\/\/www.facebook.com\/coopzenart\/\",\"https:\/\/www.instagram.com\/coopzenart\/\"]}]}<\/script>\n<!-- \/ Yoast SEO plugin. -->","yoast_head_json":{"title":"Stefano Di Battista Quartet | Piazza del Popolo | Montecatini Terme (PT) - Zenart | Supportiamo i professionisti dello spettacolo","robots":{"index":"index","follow":"follow","max-snippet":"max-snippet:-1","max-image-preview":"max-image-preview:large","max-video-preview":"max-video-preview:-1"},"canonical":"https:\/\/zenart.it\/en\/event\/stefano-di-battista-quartet-piazza-del-popolo-montecatini-terme-pt\/","og_locale":"en_US","og_type":"article","og_title":"Stefano Di Battista Quartet | Piazza del Popolo | Montecatini Terme (PT) - Zenart | Supportiamo i professionisti dello spettacolo","og_description":"L&#8217;album e il progetto Morricone Stories \u00e8 uno speciale omaggio del sassofonista Stefano Di Battista al compositore e Premio Oscar Ennio Morricone, al quale era legato da una sincera amicizia&hellip;","og_url":"https:\/\/zenart.it\/en\/event\/stefano-di-battista-quartet-piazza-del-popolo-montecatini-terme-pt\/","og_site_name":"Zenart | Supportiamo i professionisti dello spettacolo","article_publisher":"https:\/\/www.facebook.com\/coopzenart\/","og_image":[{"width":1024,"height":683,"url":"https:\/\/zenart.it\/wp-content\/uploads\/2026\/09\/SDB-3.jpg","type":"image\/jpeg"}],"twitter_card":"summary_large_image","twitter_misc":{"Est. reading time":"3 minutes"},"schema":{"@context":"https:\/\/schema.org","@graph":[{"@type":"WebPage","@id":"https:\/\/zenart.it\/en\/event\/stefano-di-battista-quartet-piazza-del-popolo-montecatini-terme-pt\/","url":"https:\/\/zenart.it\/en\/event\/stefano-di-battista-quartet-piazza-del-popolo-montecatini-terme-pt\/","name":"Stefano Di Battista Quartet | Piazza del Popolo | Montecatini Terme (PT) - Zenart | Supportiamo i professionisti dello spettacolo","isPartOf":{"@id":"https:\/\/zenart.it\/en\/#website"},"primaryImageOfPage":{"@id":"https:\/\/zenart.it\/en\/event\/stefano-di-battista-quartet-piazza-del-popolo-montecatini-terme-pt\/#primaryimage"},"image":{"@id":"https:\/\/zenart.it\/en\/event\/stefano-di-battista-quartet-piazza-del-popolo-montecatini-terme-pt\/#primaryimage"},"thumbnailUrl":"https:\/\/zenart.it\/wp-content\/uploads\/2026\/09\/SDB-3.jpg","datePublished":"2026-09-01T10:03:16+00:00","breadcrumb":{"@id":"https:\/\/zenart.it\/en\/event\/stefano-di-battista-quartet-piazza-del-popolo-montecatini-terme-pt\/#breadcrumb"},"inLanguage":"en-US","potentialAction":[{"@type":"ReadAction","target":["https:\/\/zenart.it\/en\/event\/stefano-di-battista-quartet-piazza-del-popolo-montecatini-terme-pt\/"]}]},{"@type":"ImageObject","inLanguage":"en-US","@id":"https:\/\/zenart.it\/en\/event\/stefano-di-battista-quartet-piazza-del-popolo-montecatini-terme-pt\/#primaryimage","url":"https:\/\/zenart.it\/wp-content\/uploads\/2026\/09\/SDB-3.jpg","contentUrl":"https:\/\/zenart.it\/wp-content\/uploads\/2026\/09\/SDB-3.jpg","width":1024,"height":683},{"@type":"BreadcrumbList","@id":"https:\/\/zenart.it\/en\/event\/stefano-di-battista-quartet-piazza-del-popolo-montecatini-terme-pt\/#breadcrumb","itemListElement":[{"@type":"ListItem","position":1,"name":"Home","item":"https:\/\/zenart.it\/en\/"},{"@type":"ListItem","position":2,"name":"Events","item":"https:\/\/zenart.it\/en\/events\/"},{"@type":"ListItem","position":3,"name":"Stefano Di Battista Quartet | Piazza del Popolo | Montecatini Terme (PT)"}]},{"@type":"WebSite","@id":"https:\/\/zenart.it\/en\/#website","url":"https:\/\/zenart.it\/en\/","name":"Zenart","description":"","publisher":{"@id":"https:\/\/zenart.it\/en\/#organization"},"potentialAction":[{"@type":"SearchAction","target":{"@type":"EntryPoint","urlTemplate":"https:\/\/zenart.it\/en\/?s={search_term_string}"},"query-input":{"@type":"PropertyValueSpecification","valueRequired":true,"valueName":"search_term_string"}}],"inLanguage":"en-US"},{"@type":"Organization","@id":"https:\/\/zenart.it\/en\/#organization","name":"Zenart","url":"https:\/\/zenart.it\/en\/","logo":{"@type":"ImageObject","inLanguage":"en-US","@id":"https:\/\/zenart.it\/en\/#\/schema\/logo\/image\/","url":"https:\/\/zenart.it\/wp-content\/uploads\/2024\/12\/logo-ZenArt-2x.png","contentUrl":"https:\/\/zenart.it\/wp-content\/uploads\/2024\/12\/logo-ZenArt-2x.png","width":591,"height":120,"caption":"Zenart"},"image":{"@id":"https:\/\/zenart.it\/en\/#\/schema\/logo\/image\/"},"sameAs":["https:\/\/www.facebook.com\/coopzenart\/","https:\/\/www.instagram.com\/coopzenart\/"]}]}},"_links":{"self":[{"href":"https:\/\/zenart.it\/en\/wp-json\/wp\/v2\/tribe_events\/26097","targetHints":{"allow":["GET"]}}],"collection":[{"href":"https:\/\/zenart.it\/en\/wp-json\/wp\/v2\/tribe_events"}],"about":[{"href":"https:\/\/zenart.it\/en\/wp-json\/wp\/v2\/types\/tribe_events"}],"author":[{"embeddable":true,"href":"https:\/\/zenart.it\/en\/wp-json\/wp\/v2\/users\/4"}],"version-history":[{"count":1,"href":"https:\/\/zenart.it\/en\/wp-json\/wp\/v2\/tribe_events\/26097\/revisions"}],"predecessor-version":[{"id":26100,"href":"https:\/\/zenart.it\/en\/wp-json\/wp\/v2\/tribe_events\/26097\/revisions\/26100"}],"wp:featuredmedia":[{"embeddable":true,"href":"https:\/\/zenart.it\/en\/wp-json\/wp\/v2\/media\/26098"}],"wp:attachment":[{"href":"https:\/\/zenart.it\/en\/wp-json\/wp\/v2\/media?parent=26097"}],"wp:term":[{"taxonomy":"post_tag","embeddable":true,"href":"https:\/\/zenart.it\/en\/wp-json\/wp\/v2\/tags?post=26097"},{"taxonomy":"tribe_events_cat","embeddable":true,"href":"https:\/\/zenart.it\/en\/wp-json\/wp\/v2\/tribe_events_cat?post=26097"}],"curies":[{"name":"wp","href":"https:\/\/api.w.org\/{rel}","templated":true}]}}

<p>L&#8217;album e il progetto Morricone Stories è uno speciale omaggio del sassofonista Stefano Di Battista al compositore e Premio Oscar Ennio Morricone, al quale era legato da una sincera amicizia e da diverse collaborazioni.</p>
<p>Disponibile in vinile, cd e digitale, il disco è preceduto dai tre singoli Peur sur la ville, Cosa avete fatto a Solange? E Gabriel&#8217;s Oboe ed ha protagoniste non solo le immortali colonne sonore del Maestro, ma anche il brano Flora che Morricone scrisse proprio per Di Battista.<br />
Una miniera inesauribile, un tesoro di fantasie del pensiero associate a immagini di ogni genere, oltremodo versatili, disponibili a essere trattate, ritrattate, riscoperte. Ricercatezze certo, ma molto preziose, con il godimento puro di ascoltare temi conosciuti che diventano perfetti standard jazz, come Metti una sera a cena, swingante e ironica, oppure Il buono, il brutto e il cattivo che si rivela come un duello di improvvisazioni &#8211; col sax che prende la parte di quel breve spunto di note che all’origine fu ispirato dal verso del coyote &#8211; prima di sciogliersi nell’emozione purissima del Tema di Deborah di C’era una volta in America che è una delle più belle invenzioni di Morricone, alla quale teneva moltissimo perché esprimeva molto bene il suo ideale di melodia, scritta con un esiguo numero di note e con il massimo risultato. Per non dire della delicata rilettura di The mission, con un elegante passaggio dall’oboe originale al sax soprano.<br />
Un meccanismo perfetto, che potrebbe continuare per altri dischi, come una serie, come se una parte del pensiero di Morricone fosse stata sempre, magari senza saperlo, votata al jazz.</p>
<p>Con una carriera parallela tra l’Italia e la Francia, Stefano Di Battista ha collaborato con grandi nomi del panorama nazionale e internazionale, tra cui Michel Petrucciani, Elvin Jones, Jacky Terrasson, Jimmy Cobb, Richard Bona, Claudio Baglioni, Renato Zero, Fabrizio Bosso, Flavio Boltro, Rita Marcotulli, Baptiste Trotignon, Aldo Romano, Michel Benita, Adriano Celentano, Jovanotti, Tiromancino. Noto è anche il suo duo con la cantante, e moglie, Nicky Nicolai. Nel 2017 realizza la colonna sonora “solo cuore e amore candidata al David Di Donatello. Nel 2020 realizza la colonna sonora del film “futura”, uscito nelle sale a settembre 2021.</p>

<p>L&#8217;album e il progetto Morricone Stories è uno speciale omaggio del sassofonista Stefano Di Battista al compositore e Premio Oscar Ennio Morricone, al quale era legato da una sincera amicizia&hellip;</p>

<!-- This site is optimized with the Yoast SEO plugin v26.0 - https://yoast.com/wordpress/plugins/seo/ -->
<title>Stefano Di Battista Quartet | Piazza del Popolo | Montecatini Terme (PT) - Zenart | Supportiamo i professionisti dello spettacolo</title>
<meta name="robots" content="index, follow, max-snippet:-1, max-image-preview:large, max-video-preview:-1" />
<link rel="canonical" href="https://zenart.it/en/event/stefano-di-battista-quartet-piazza-del-popolo-montecatini-terme-pt/" />
<meta property="og:locale" content="en_US" />
<meta property="og:type" content="article" />
<meta property="og:title" content="Stefano Di Battista Quartet | Piazza del Popolo | Montecatini Terme (PT) - Zenart | Supportiamo i professionisti dello spettacolo" />
<meta property="og:description" content="L&#8217;album e il progetto Morricone Stories è uno speciale omaggio del sassofonista Stefano Di Battista al compositore e Premio Oscar Ennio Morricone, al quale era legato da una sincera amicizia&hellip;" />
<meta property="og:url" content="https://zenart.it/en/event/stefano-di-battista-quartet-piazza-del-popolo-montecatini-terme-pt/" />
<meta property="og:site_name" content="Zenart | Supportiamo i professionisti dello spettacolo" />
<meta property="article:publisher" content="https://www.facebook.com/coopzenart/" />
<meta property="og:image" content="https://zenart.it/wp-content/uploads/2026/09/SDB-3.jpg" />
	<meta property="og:image:width" content="1024" />
	<meta property="og:image:height" content="683" />
	<meta property="og:image:type" content="image/jpeg" />
<meta name="twitter:card" content="summary_large_image" />
<meta name="twitter:label1" content="Est. reading time" />
	<meta name="twitter:data1" content="3 minutes" />
<script type="application/ld+json" class="yoast-schema-graph">{"@context":"https://schema.org","@graph":[{"@type":"WebPage","@id":"https://zenart.it/en/event/stefano-di-battista-quartet-piazza-del-popolo-montecatini-terme-pt/","url":"https://zenart.it/en/event/stefano-di-battista-quartet-piazza-del-popolo-montecatini-terme-pt/","name":"Stefano Di Battista Quartet | Piazza del Popolo | Montecatini Terme (PT) - Zenart | Supportiamo i professionisti dello spettacolo","isPartOf":{"@id":"https://zenart.it/en/#website"},"primaryImageOfPage":{"@id":"https://zenart.it/en/event/stefano-di-battista-quartet-piazza-del-popolo-montecatini-terme-pt/#primaryimage"},"image":{"@id":"https://zenart.it/en/event/stefano-di-battista-quartet-piazza-del-popolo-montecatini-terme-pt/#primaryimage"},"thumbnailUrl":"https://zenart.it/wp-content/uploads/2026/09/SDB-3.jpg","datePublished":"2026-09-01T10:03:16+00:00","breadcrumb":{"@id":"https://zenart.it/en/event/stefano-di-battista-quartet-piazza-del-popolo-montecatini-terme-pt/#breadcrumb"},"inLanguage":"en-US","potentialAction":[{"@type":"ReadAction","target":["https://zenart.it/en/event/stefano-di-battista-quartet-piazza-del-popolo-montecatini-terme-pt/"]}]},{"@type":"ImageObject","inLanguage":"en-US","@id":"https://zenart.it/en/event/stefano-di-battista-quartet-piazza-del-popolo-montecatini-terme-pt/#primaryimage","url":"https://zenart.it/wp-content/uploads/2026/09/SDB-3.jpg","contentUrl":"https://zenart.it/wp-content/uploads/2026/09/SDB-3.jpg","width":1024,"height":683},{"@type":"BreadcrumbList","@id":"https://zenart.it/en/event/stefano-di-battista-quartet-piazza-del-popolo-montecatini-terme-pt/#breadcrumb","itemListElement":[{"@type":"ListItem","position":1,"name":"Home","item":"https://zenart.it/en/"},{"@type":"ListItem","position":2,"name":"Events","item":"https://zenart.it/en/events/"},{"@type":"ListItem","position":3,"name":"Stefano Di Battista Quartet | Piazza del Popolo | Montecatini Terme (PT)"}]},{"@type":"WebSite","@id":"https://zenart.it/en/#website","url":"https://zenart.it/en/","name":"Zenart","description":"","publisher":{"@id":"https://zenart.it/en/#organization"},"potentialAction":[{"@type":"SearchAction","target":{"@type":"EntryPoint","urlTemplate":"https://zenart.it/en/?s={search_term_string}"},"query-input":{"@type":"PropertyValueSpecification","valueRequired":true,"valueName":"search_term_string"}}],"inLanguage":"en-US"},{"@type":"Organization","@id":"https://zenart.it/en/#organization","name":"Zenart","url":"https://zenart.it/en/","logo":{"@type":"ImageObject","inLanguage":"en-US","@id":"https://zenart.it/en/#/schema/logo/image/","url":"https://zenart.it/wp-content/uploads/2024/12/logo-ZenArt-2x.png","contentUrl":"https://zenart.it/wp-content/uploads/2024/12/logo-ZenArt-2x.png","width":591,"height":120,"caption":"Zenart"},"image":{"@id":"https://zenart.it/en/#/schema/logo/image/"},"sameAs":["https://www.facebook.com/coopzenart/","https://www.instagram.com/coopzenart/"]}]}</script>
<!-- / Yoast SEO plugin. -->

L&#8217;album e il progetto Morricone Stories è uno speciale omaggio del sassofonista Stefano Di Battista al compositore e Premio Oscar Ennio Morricone, al quale era legato da una sincera amicizia&hellip;
